culate the remainder when 2061 is divided by (-897)/(-312) + ((-12)/6)/(-16).
0
Let t(a) = -11*a**2 + a + 2. Let o be t(-1). Let z(q) = -q**2 - 10*q + 2. Let k be z(o). Calculate the remainder when (1452/(-6))/(0 - k) is divided by 31.
28
Let w(n) = -2*n**3 - 35*n**2 - 16*n + 41. Calculate the remainder when 789 is divided by w(-17).
21
Let b be 10/25 + 24/15. Let l(p) be the second derivative of -p**3/6 + 7*p**2/2 + 2*p. Calculate the remainder when 13 is divided by l(b).
3
Suppose -2*n = -0*n, -4*g + 128 = -3*n. Let r(z) = 14*z**2 - 5*z + 14. Let f be r(-5). Let j = -262 + f. What is the remainder when j is divided by g?
31
Suppose 2*u - 16*u = 126. What is the remainder when 4/u + (-66468)/(-108) is divided by 56?
55
Let x = -48 - -72. Suppose 5*a + 2*a + 21 = 0. Calculate the remainder when x is divided by ((-9)/a)/3*9.
6
Suppose 86*w = -27*w - 10*w + 15252. Calculate the remainder when w is divided by 120.
4
Suppose -105*f + 5423 = -1507. What is the remainder when f is divided by 62?
4
Let f be (-13)/((-832)/(-2296)) - 1/8. Calculate the remainder when 52 is divided by 4/f - 73/(-9).
4
Suppose -t - 4*q = -218, -t = 44*q - 39*q - 220. Calculate the remainder when t is divided by 157.
53
Let b = 11223 - 11004. Calculate the remainder when 1540 is divided by b.
7
Suppose 384 = 2*x + 2*l, -x + 195 = -3*l + 19. Suppose 25*d - 17 - 233 = 0. What is the remainder when x is divided by d?
8
Let u be 139542/(-208) + (-2)/16. Let c = u + 704. Calculate the remainder when 94 is divided by c.
28
Let j(h) = -2*h**3 + 15*h**2 + 10*h - 3. Let v = 312 + -304. What is the remainder when 175 is divided by j(v)?
6
Let p = 15804 - 15542. Let g(c) = c**3 + c**2 + 37. Let o be g(0). Suppose p = 39*m - o*m. What is the remainder when m is divided by 27?
23
Let a(w) = -10*w + 178. Let q be a(18). What is the remainder when 88/(-616) + q + (-2634)/(-14) is divided by 27?
24
Let u be 27 - ((-51)/18 - (-4)/(-24)). Suppose 45 = 4*a + 3*x + 2*x, a + 5*x - u = 0. Calculate the remainder when 14 is divided by a.
4
Let z = 24 - 20. Let l = 229 + -226. What is the remainder when 92 is divided by (z - 12/2)*(-5 - l)?
12
Suppose z + 9 = -2*f + 3*f, -5*f = -2*z - 12. Let j(w) = -15*w + 74. Calculate the remainder when j(z) is divided by 15.
14
Let v(p) = 173*p - 1. Suppose 2*u - 2*y + 250 = 3*u, 0 = 3*u - y - 729. Suppose 0 = 3*z - 349 + u. Calculate the remainder when v(1) is divided by z.
32
Let l(y) = 2*y. Let f(r) = -r**2 - 13*r - 18. Let t(x) = -f(x) - 5*l(x). Calculate the remainder when t(-10) is divided by 30.
28
Suppose 0 = -2*b + 18 + 292. Suppose 0 = -43*y + 38*y - 465. Let u = y + b. What is the remainder when u is divided by 9?
8
Suppose -54*z + 1462 - 112 = 0. Let v = 193 - 102. What is the remainder when v is divided by z?
16
What is the remainder when (7368/36 + -8)*(-1 - 596/(-20)) is divided by 14?
8
Let g(b) = -5*b**2 - 10*b + 17. Let j be g(4). Let s = j + 114. Suppose -4*u - 56 = -440. Calculate the remainder when u is divided by s.
8
Let p = -2957 + 3371. Calculate the remainder when p is divided by 16.
14
Let j(x) = -x. Suppose 0 = p - 5*i + 17, -i = -3*p + 3*i - 7. Let w be j(p). Calculate the remainder when (-4 - w)*-67*(3 + -1) is divided by 27.
26
Suppose -651 - 501 = 48*s. Let k = -17 - s. What is the remainder when 24 is divided by k?
3
Let a(m) = 21*m + 32. Let b be a(-7). Let f = 10 + b. Let y = f + 149. What is the remainder when y is divided by 23?
21
Suppose 14*t = 2*y - 204, -5*t + 3*t = 5*y - 695. What is the remainder when 682 is divided by y?
134
Let w be ((-25)/(-3) - 5)*6. Suppose w*v + 50 = 330. What is the remainder when 110 is divided by v?
12
Suppose 0 = -58266*b + 58271*b - 1040. What is the remainder when 2505 is divided by b?
9
Let t(l) = 6*l**2 - 2*l + 1. Let m = 324 + -165. Suppose -m = -3*p + 81. What is the remainder when p is divided by t(2)?
17
Let h(p) = -p**2 + 2*p + 14. Let y be (-20)/30 + 2/3. Let a be y/(8 - (0 - -4)). Calculate the remainder when h(a) is divided by 11.
3
Let p(s) = -s + 8. Let z be p(5). Suppose 2*u + 3*f - 83 = -25, 85 = z*u + 5*f. Calculate the remainder when u is divided by (2/16)/(84/(-3192)*(-2)/8).
16
Let v(x) = x**3 - x**2 + x + 2. Let i = -661 + 667. Suppose 4*l = 5*p - 65, -p = i*l - 4*l - 27. What is the remainder when p is divided by v(2)?
1
Let d(p) = 97*p + 831. Calculate the remainder when d(8) is divided by 101.
92
Suppose 364 + 1352 = -81*y + 87*y. What is the remainder when 410 is divided by y?
124
Suppose 0*q = q - 89. Calculate the remainder when q is divided by -758 - -796 - (-50)/(-2).
11
Suppose -4*p = -y - 1137, -5*p + 29*y - 24*y + 1425 = 0. What is the remainder when p is divided by 94?
2
Let p = 1069 - 314. Let c(q) = q**3 + 12*q**2 - 7*q + 105. Calculate the remainder when p is divided by c(-13).
26
Suppose 3*w = -208*f + 211*f + 381, -498 = -4*w - f. What is the remainder when w is divided by 88?
37
Calculate the remainder when 1011*(-155)/(-90) - (-55)/(-330) is divided by 52.
25
Suppose -3*p - 4*i - i = 6, -3*i = 9. Suppose 2*z + 24 = p*z. Suppose -4*t - 1357523 + 1357543 = 0. Calculate the remainder when z is divided by t.
4
Let i(h) = -499*h - 20452. Suppose -2*y = -25 - 29. What is the remainder when y is divided by i(-41)?
6
Let o(n) = -n**2 - 54*n - 40. What is the remainder when o(-40) is divided by 112?
72
Suppose -18*h = -5948 - 24840 - 10828. What is the remainder when h is divided by 459?
17
Let p(s) = -166*s - 808. What is the remainder when 20940 is divided by p(-5)?
18
What is the remainder when ((-222704)/310 + 15/3)*-1*5 is divided by 17?
14
Suppose -p - c + 27 + 94 = 0, 3*p = -2*c + 366. Suppose 4*y = -2*s + p, s - 124 = -s - y. What is the remainder when s is divided by 18?
8
Suppose -32*s = -94*s + 133610. Calculate the remainder when s is divided by 36.
31
Let a = 4475 - 2858. What is the remainder when a is divided by 26?
5
Suppose 4*y - 2*n - 2*n + 552 = 0, -3*y - 386 = 4*n. Let s = y - -147. Calculate the remainder when s is divided by 5.
3
Let w = 159 + -160. Calculate the remainder when 11 is divided by (2 - w) + (-21)/(16 + -23).
5
Suppose -15*a + 16 + 14 = 0. Suppose -a*r + 1 = o - 2, 17 = 3*o - 2*r. Calculate the remainder when 13 is divided by o.
3
Let q(x) = -24*x**2 + 824*x - 77. Calculate the remainder when q(33) is divided by 24.
19
Let g = 6846 - 5626. Calculate the remainder when g is divided by 176.
164
Let m = 9524 - 8843. What is the remainder when m is divided by 62?
61
Let c(x) = -4*x - 56. Let d(g) = -g + 4. Let n be d(5). Calculate the remainder when c(-25) is divided by 10 + 12/4 + n.
8
Suppose -3980 = -11*w + 3500. Suppose 30*j + 10*j = w. Calculate the remainder when 47 is divided by j.
13
Suppose -5*r = 4*y - 203, 2*r - 33 = 4*y + 65. Let a = -127 - -176. Calculate the remainder when a is divided by r.
6
Let b(v) = v**2 + 14*v + 22. Let d be b(-12). Let c = 7 - d. Let n(o) = 12*o - 23. What is the remainder when n(c) is divided by 8?
5
Let u = 5 + -1. Let y = -54 + 57. Suppose -2*q = -5*b - 7*q + 40, -3 = 4*b - y*q. What is the remainder when u is divided by b?
1
Suppose p = -60 + 63. Suppose p = -4*w - 9, w + 156 = 3*a. Suppose -4*q + a = j, 3*j + 3*q - 139 = -j. What is the remainder when j is divided by 17?
14
Suppose -6*t = -7*t + 33. Suppose -2*i - t = 21. What is the remainder when 6/27 - 1614/i is divided by 21?
18
Let p(b) = 48*b - 11. Let c be p(4). Suppose -127 = s - c. Calculate the remainder when s is divided by 12.
6
Let q be ((-6)/(-5))/((-1)/10). Let g = q + 23. Calculate the remainder when 14 is divided by (g - 13) + 11 + -1.
6
Suppose 5*x - 675 = -5*y, 8*y - 11*y + 5*x + 373 = 0. Calculate the remainder when y is divided by 15.
11
Suppose 3*d + 19 = 31. Suppose 0 = w + d*w - y - 651, -647 = -5*w + 2*y. What is the remainder when w is divided by 17?
12
Let f be 203/2 - 7/(-14). Let n = f + -45. Suppose -o = -0*o - 29. Calculate the remainder when n is divided by o.
28
Let h(l) = -99*l + 518. Suppose -6*s + 2*s = 12, -2*i = -5*s - 163. Calculate the remainder when i is divided by h(5).
5
Suppose 60*c - 180 = 56*c. What is the remainder when c is divided by 3/(2/(68/3))?
11
Suppose -72 = -a - 3*n, -260 = -3*a - 5*n - 84. Let i(o) = -18*o**3 + o**2 - 3*o - 2. What is the remainder when i(-2) is divided by a?